{"id":155,"date":"2019-09-10T08:04:53","date_gmt":"2019-09-10T08:04:53","guid":{"rendered":"http:\/\/kezilabdahajduszoboszlo.hu\/?page_id=155"},"modified":"2026-04-28T17:25:17","modified_gmt":"2026-04-28T17:25:17","slug":"tao-2019-2020","status":"publish","type":"page","link":"https:\/\/kezilabdahajduszoboszlo.hu\/?page_id=155","title":{"rendered":"TAO"},"content":{"rendered":"<p><strong>2019-2020. \u00e9vi<\/strong><\/p>\n<p><a href=\"http:\/\/kezilabdahajduszoboszlo.hu\/wp-content\/uploads\/2019\/09\/SFP-kerelem-07418-20190430-1.pdf\">SFP kerelem 07418 20190430<\/a><\/p>\n<p><a href=\"http:\/\/kezilabdahajduszoboszlo.hu\/wp-content\/uploads\/2019\/09\/sfpjovahagyohatarozat_1565357482-11.pdf\">sfpjovahagyohatarozat_1565357482-1(1)<\/a><\/p>\n<p><strong>2020-2021. \u00e9vi<\/strong><\/p>\n<p><a href=\"http:\/\/kezilabdahajduszoboszlo.hu\/wp-content\/uploads\/2019\/09\/SFP-piszkozat-converted.pdf\">SFP piszkozat-converted<\/a><\/p>\n<p><a href=\"http:\/\/kezilabdahajduszoboszlo.hu\/wp-content\/uploads\/2019\/09\/sfp_jh_000_08418_2020_mksz_2020-04-06_1586178408_1586255524.pdf\">sfp_jh_000_08418_2020_mksz_2020-04-06_1586178408_1586255524<\/a><\/p>\n<p><strong>2021-2022. \u00e9vi<\/strong><\/p>\n<p><a href=\"http:\/\/kezilabdahajduszoboszlo.hu\/wp-content\/uploads\/2019\/09\/sfp_jh_000_09418_2021_mksz_2021-04-15_1618484979_1618568348.pdf\">sfp_jh_000_09418_2021_mksz_2021-04-15_1618484979_1618568348<\/a> <a href=\"http:\/\/kezilabdahajduszoboszlo.hu\/wp-content\/uploads\/2019\/09\/sfp_kerelem_09418_20210306_1615029977-.pdf\">sfp_kerelem_09418_20210306_1615029977-<\/a><\/p>\n<p><strong>2022-2023. \u00e9vi<\/strong><\/p>\n<\/p>\n\n\n<div data-wp-interactive=\"\" class=\"wp-block-file\"><object data-wp-bind--hidden=\"!selectors.core.file.hasPdfPreview\" hidden class=\"wp-block-file__embed\" data=\"http:\/\/kezilabdahajduszoboszlo.hu\/wp-content\/uploads\/2022\/05\/sfp_jh_000_10418_2022_mksz_2022-05-12_1652341062_1652346596-2.pdf\" type=\"application\/pdf\" style=\"width:100%;height:600px\" aria-label=\"sfp_jh_000_10418_2022_mksz_2022-05-12_1652341062_1652346596-2 be\u00e1gyaz\u00e1sa\"><\/object><a id=\"wp-block-file--media-32c20489-5104-4162-b0d5-14a1f8ecbe7b\" href=\"http:\/\/kezilabdahajduszoboszlo.hu\/wp-content\/uploads\/2022\/05\/sfp_jh_000_10418_2022_mksz_2022-05-12_1652341062_1652346596-2.pdf\">sfp_jh_000_10418_2022_mksz_2022-05-12_1652341062_1652346596-2<\/a><a href=\"http:\/\/kezilabdahajduszoboszlo.hu\/wp-content\/uploads\/2022\/05\/sfp_jh_000_10418_2022_mksz_2022-05-12_1652341062_1652346596-2.pdf\" class=\"wp-block-file__button wp-element-button\" download aria-describedby=\"wp-block-file--media-32c20489-5104-4162-b0d5-14a1f8ecbe7b\">Let\u00f6lt\u00e9s<\/a><\/div>\n\n\n\n<div data-wp-interactive=\"\" class=\"wp-block-file\"><object data-wp-bind--hidden=\"!selectors.core.file.hasPdfPreview\" hidden class=\"wp-block-file__embed\" data=\"http:\/\/kezilabdahajduszoboszlo.hu\/wp-content\/uploads\/2022\/05\/SFP-2022-2023-2.pdf\" type=\"application\/pdf\" style=\"width:100%;height:600px\" aria-label=\"SFP-2022-2023-2 be\u00e1gyaz\u00e1sa\"><\/object><a id=\"wp-block-file--media-4f6f1311-0c46-4260-861e-c6da88717243\" href=\"http:\/\/kezilabdahajduszoboszlo.hu\/wp-content\/uploads\/2022\/05\/SFP-2022-2023-2.pdf\">SFP-2022-2023-2<\/a><a href=\"http:\/\/kezilabdahajduszoboszlo.hu\/wp-content\/uploads\/2022\/05\/SFP-2022-2023-2.pdf\" class=\"wp-block-file__button wp-element-button\" download aria-describedby=\"wp-block-file--media-4f6f1311-0c46-4260-861e-c6da88717243\">Let\u00f6lt\u00e9s<\/a><\/div>\n\n\n\n<p>2023-2024. \u00e9vi<\/p>\n\n\n\n<div data-wp-interactive=\"\" class=\"wp-block-file\"><object data-wp-bind--hidden=\"!selectors.core.file.hasPdfPreview\" hidden class=\"wp-block-file__embed\" data=\"http:\/\/kezilabdahajduszoboszlo.hu\/wp-content\/uploads\/2023\/04\/sfp_jh_000_11418_2023_mksz_2023-04-26_1682510335_1682523283-3.pdf\" type=\"application\/pdf\" style=\"width:100%;height:600px\" aria-label=\"sfp_jh_000_11418_2023_mksz_2023-04-26_1682510335_1682523283-3 be\u00e1gyaz\u00e1sa\"><\/object><a id=\"wp-block-file--media-c3a34d1e-a7d4-4cb9-99f6-a3f9f86ec6e4\" href=\"http:\/\/kezilabdahajduszoboszlo.hu\/wp-content\/uploads\/2023\/04\/sfp_jh_000_11418_2023_mksz_2023-04-26_1682510335_1682523283-3.pdf\">sfp_jh_000_11418_2023_mksz_2023-04-26_1682510335_1682523283-3<\/a><a href=\"http:\/\/kezilabdahajduszoboszlo.hu\/wp-content\/uploads\/2023\/04\/sfp_jh_000_11418_2023_mksz_2023-04-26_1682510335_1682523283-3.pdf\" class=\"wp-block-file__button wp-element-button\" download aria-describedby=\"wp-block-file--media-c3a34d1e-a7d4-4cb9-99f6-a3f9f86ec6e4\">Let\u00f6lt\u00e9s<\/a><\/div>\n\n\n\n<div data-wp-interactive=\"\" class=\"wp-block-file\"><object data-wp-bind--hidden=\"!selectors.core.file.hasPdfPreview\" hidden class=\"wp-block-file__embed\" data=\"http:\/\/kezilabdahajduszoboszlo.hu\/wp-content\/uploads\/2023\/04\/hatarozat.pdf\" type=\"application\/pdf\" style=\"width:100%;height:600px\" aria-label=\"hatarozat be\u00e1gyaz\u00e1sa\"><\/object><a id=\"wp-block-file--media-558fe8e8-159b-460b-ab54-d5cc55517c8e\" href=\"http:\/\/kezilabdahajduszoboszlo.hu\/wp-content\/uploads\/2023\/04\/hatarozat.pdf\">hatarozat<\/a><a href=\"http:\/\/kezilabdahajduszoboszlo.hu\/wp-content\/uploads\/2023\/04\/hatarozat.pdf\" class=\"wp-block-file__button wp-element-button\" download aria-describedby=\"wp-block-file--media-558fe8e8-159b-460b-ab54-d5cc55517c8e\">Let\u00f6lt\u00e9s<\/a><\/div>\n\n\n\n<p>2024-2025. \u00e9vi<\/p>\n\n\n\n<div data-wp-interactive=\"\" class=\"wp-block-file\"><object data-wp-bind--hidden=\"!selectors.core.file.hasPdfPreview\" hidden class=\"wp-block-file__embed\" data=\"https:\/\/kezilabdahajduszoboszlo.hu\/wp-content\/uploads\/2024\/05\/SFP-piszkozat-8.pdf\" type=\"application\/pdf\" style=\"width:100%;height:600px\" aria-label=\"SFP-piszkozat-8 be\u00e1gyaz\u00e1sa\"><\/object><a id=\"wp-block-file--media-047d2ef2-4ea7-46ff-abc6-b177710ffb99\" href=\"https:\/\/kezilabdahajduszoboszlo.hu\/wp-content\/uploads\/2024\/05\/SFP-piszkozat-8.pdf\">SFP-piszkozat-8<\/a><a href=\"https:\/\/kezilabdahajduszoboszlo.hu\/wp-content\/uploads\/2024\/05\/SFP-piszkozat-8.pdf\" class=\"wp-block-file__button wp-element-button\" download aria-describedby=\"wp-block-file--media-047d2ef2-4ea7-46ff-abc6-b177710ffb99\">Let\u00f6lt\u00e9s<\/a><\/div>\n\n\n\n<div data-wp-interactive=\"\" class=\"wp-block-file\"><object data-wp-bind--hidden=\"!selectors.core.file.hasPdfPreview\" hidden class=\"wp-block-file__embed\" data=\"https:\/\/kezilabdahajduszoboszlo.hu\/wp-content\/uploads\/2024\/05\/sfp_jh_000_12418_2024_mksz_2024-04-22_1713777303_1713790319-1.pdf\" type=\"application\/pdf\" style=\"width:100%;height:600px\" aria-label=\"sfp_jh_000_12418_2024_mksz_2024-04-22_1713777303_1713790319-1 be\u00e1gyaz\u00e1sa\"><\/object><a id=\"wp-block-file--media-dcbc306b-1722-4dc3-94ca-0658f7ad6568\" href=\"https:\/\/kezilabdahajduszoboszlo.hu\/wp-content\/uploads\/2024\/05\/sfp_jh_000_12418_2024_mksz_2024-04-22_1713777303_1713790319-1.pdf\">sfp_jh_000_12418_2024_mksz_2024-04-22_1713777303_1713790319-1<\/a><a href=\"https:\/\/kezilabdahajduszoboszlo.hu\/wp-content\/uploads\/2024\/05\/sfp_jh_000_12418_2024_mksz_2024-04-22_1713777303_1713790319-1.pdf\" class=\"wp-block-file__button wp-element-button\" download aria-describedby=\"wp-block-file--media-dcbc306b-1722-4dc3-94ca-0658f7ad6568\">Let\u00f6lt\u00e9s<\/a><\/div>\n\n\n\n<h2 class=\"wp-block-heading\">2025-2026. \u00e9vi<\/h2>\n\n\n\n<div data-wp-interactive=\"\" class=\"wp-block-file\"><object data-wp-bind--hidden=\"!selectors.core.file.hasPdfPreview\" hidden class=\"wp-block-file__embed\" data=\"https:\/\/kezilabdahajduszoboszlo.hu\/wp-content\/uploads\/2025\/05\/document-1.pdf\" type=\"application\/pdf\" style=\"width:100%;height:600px\" aria-label=\"document-1 be\u00e1gyaz\u00e1sa\"><\/object><a id=\"wp-block-file--media-f65f1bcb-00e8-4d59-adfe-e7bd12361985\" href=\"https:\/\/kezilabdahajduszoboszlo.hu\/wp-content\/uploads\/2025\/05\/document-1.pdf\">document-1<\/a><a href=\"https:\/\/kezilabdahajduszoboszlo.hu\/wp-content\/uploads\/2025\/05\/document-1.pdf\" class=\"wp-block-file__button wp-element-button\" download aria-describedby=\"wp-block-file--media-f65f1bcb-00e8-4d59-adfe-e7bd12361985\"><\/a><\/div>\n\n\n\n<div data-wp-interactive=\"\" class=\"wp-block-file\"><object data-wp-bind--hidden=\"!selectors.core.file.hasPdfPreview\" hidden class=\"wp-block-file__embed\" data=\"https:\/\/kezilabdahajduszoboszlo.hu\/wp-content\/uploads\/2025\/05\/Jovahagyo_ki_JH01_000473_2025_MKSZ_sfp.pdf\" type=\"application\/pdf\" style=\"width:100%;height:600px\" aria-label=\"Jovahagyo_ki_JH01_000473_2025_MKSZ_sfp be\u00e1gyaz\u00e1sa\"><\/object><a id=\"wp-block-file--media-f0c838bd-01e1-48e0-8521-b922a5b404d0\" href=\"https:\/\/kezilabdahajduszoboszlo.hu\/wp-content\/uploads\/2025\/05\/Jovahagyo_ki_JH01_000473_2025_MKSZ_sfp.pdf\">Jovahagyo_ki_JH01_000473_2025_MKSZ_sfp<\/a><a href=\"https:\/\/kezilabdahajduszoboszlo.hu\/wp-content\/uploads\/2025\/05\/Jovahagyo_ki_JH01_000473_2025_MKSZ_sfp.pdf\" class=\"wp-block-file__button wp-element-button\" download aria-describedby=\"wp-block-file--media-f0c838bd-01e1-48e0-8521-b922a5b404d0\">Let\u00f6lt\u00e9s<\/a><\/div>\n\n\n\n<h2 class=\"wp-block-heading\">2026-2027. \u00e9vi<\/h2>\n\n\n\n<div data-wp-interactive=\"\" class=\"wp-block-file\"><object data-wp-bind--hidden=\"!selectors.core.file.hasPdfPreview\" hidden class=\"wp-block-file__embed\" data=\"https:\/\/kezilabdahajduszoboszlo.hu\/wp-content\/uploads\/2026\/04\/Publikus-beadott-sfp_.pdf\" type=\"application\/pdf\" style=\"width:100%;height:600px\" aria-label=\"Publikus-beadott-sfp_ be\u00e1gyaz\u00e1sa\"><\/object><a id=\"wp-block-file--media-14b5073a-8aff-4230-b3f8-0ebdf8bb038a\" href=\"https:\/\/kezilabdahajduszoboszlo.hu\/wp-content\/uploads\/2026\/04\/Publikus-beadott-sfp_.pdf\">Publikus-beadott-sfp_<\/a><a href=\"https:\/\/kezilabdahajduszoboszlo.hu\/wp-content\/uploads\/2026\/04\/Publikus-beadott-sfp_.pdf\" class=\"wp-block-file__button wp-element-button\" download aria-describedby=\"wp-block-file--media-14b5073a-8aff-4230-b3f8-0ebdf8bb038a\">Let\u00f6lt\u00e9s<\/a><\/div>\n\n\n\n<div data-wp-interactive=\"\" class=\"wp-block-file\"><object data-wp-bind--hidden=\"!selectors.core.file.hasPdfPreview\" hidden class=\"wp-block-file__embed\" data=\"https:\/\/kezilabdahajduszoboszlo.hu\/wp-content\/uploads\/2026\/04\/Jovahagyo-ki_JH01_001400_2026_MKSZ_sfp.pdf\" type=\"application\/pdf\" style=\"width:100%;height:600px\" aria-label=\"Jovahagyo-ki_JH01_001400_2026_MKSZ_sfp be\u00e1gyaz\u00e1sa\"><\/object><a id=\"wp-block-file--media-53196ffc-3415-4121-9b18-8e88916d8d66\" href=\"https:\/\/kezilabdahajduszoboszlo.hu\/wp-content\/uploads\/2026\/04\/Jovahagyo-ki_JH01_001400_2026_MKSZ_sfp.pdf\">Jovahagyo-ki_JH01_001400_2026_MKSZ_sfp<\/a><a href=\"https:\/\/kezilabdahajduszoboszlo.hu\/wp-content\/uploads\/2026\/04\/Jovahagyo-ki_JH01_001400_2026_MKSZ_sfp.pdf\" class=\"wp-block-file__button wp-element-button\" download aria-describedby=\"wp-block-file--media-53196ffc-3415-4121-9b18-8e88916d8d66\">Let\u00f6lt\u00e9s<\/a><\/div>\n","protected":false},"excerpt":{"rendered":"<p>2019-2020. \u00e9vi SFP kerelem 07418 20190430 sfpjovahagyohatarozat_1565357482-1(1) 2020-2021. \u00e9vi SFP piszkozat-converted sfp_jh_000_08418_2020_mksz_2020-04-06_1586178408_1586255524 2021-2022. \u00e9vi sfp_jh_000_09418_2021_mksz_2021-04-15_1618484979_1618568348 sfp_kerelem_09418_20210306_1615029977- 2022-2023. \u00e9vi 2023-2024. \u00e9vi 2024-2025. \u00e9vi 2025-2026. \u00e9vi 2026-2027. \u00e9vi<\/p>\n","protected":false},"author":2,"featured_media":0,"parent":0,"menu_order":0,"comment_status":"closed","ping_status":"closed","template":"","meta":{"_monsterinsights_skip_tracking":false,"_monsterinsights_sitenote_active":false,"_monsterinsights_sitenote_note":"","_monsterinsights_sitenote_category":0,"footnotes":""},"yoast_head":"<!-- This site is optimized with the Yoast SEO plugin v21.8.1 - https:\/\/yoast.com\/wordpress\/plugins\/seo\/ -->\n<title>TAO - K\u00e9zilabda Klub Hajd\u00faszoboszl\u00f3<\/title>\n<meta name=\"robots\" content=\"index, follow, max-snippet:-1, max-image-preview:large, max-video-preview:-1\" \/>\n<link rel=\"canonical\" href=\"https:\/\/kezilabdahajduszoboszlo.hu\/?page_id=155\" \/>\n<meta property=\"og:locale\" content=\"hu_HU\" \/>\n<meta property=\"og:type\" content=\"article\" \/>\n<meta property=\"og:title\" content=\"TAO - K\u00e9zilabda Klub Hajd\u00faszoboszl\u00f3\" \/>\n<meta property=\"og:description\" content=\"2019-2020. \u00e9vi SFP kerelem 07418 20190430 sfpjovahagyohatarozat_1565357482-1(1) 2020-2021. \u00e9vi SFP piszkozat-converted sfp_jh_000_08418_2020_mksz_2020-04-06_1586178408_1586255524 2021-2022. \u00e9vi sfp_jh_000_09418_2021_mksz_2021-04-15_1618484979_1618568348 sfp_kerelem_09418_20210306_1615029977- 2022-2023. \u00e9vi 2023-2024. \u00e9vi 2024-2025. \u00e9vi 2025-2026. \u00e9vi 2026-2027. \u00e9vi\" \/>\n<meta property=\"og:url\" content=\"https:\/\/kezilabdahajduszoboszlo.hu\/?page_id=155\" \/>\n<meta property=\"og:site_name\" content=\"K\u00e9zilabda Klub Hajd\u00faszoboszl\u00f3\" \/>\n<meta property=\"article:modified_time\" content=\"2026-04-28T17:25:17+00:00\" \/>\n<meta name=\"twitter:card\" content=\"summary_large_image\" \/>\n<meta name=\"twitter:label1\" content=\"Becs\u00fclt olvas\u00e1si id\u0151\" \/>\n\t<meta name=\"twitter:data1\" content=\"1 perc\" \/>\n<script type=\"application\/ld+json\" class=\"yoast-schema-graph\">{\"@context\":\"https:\/\/schema.org\",\"@graph\":[{\"@type\":\"WebPage\",\"@id\":\"https:\/\/kezilabdahajduszoboszlo.hu\/?page_id=155\",\"url\":\"https:\/\/kezilabdahajduszoboszlo.hu\/?page_id=155\",\"name\":\"TAO - K\u00e9zilabda Klub Hajd\u00faszoboszl\u00f3\",\"isPartOf\":{\"@id\":\"https:\/\/kezilabdahajduszoboszlo.hu\/#website\"},\"datePublished\":\"2019-09-10T08:04:53+00:00\",\"dateModified\":\"2026-04-28T17:25:17+00:00\",\"breadcrumb\":{\"@id\":\"https:\/\/kezilabdahajduszoboszlo.hu\/?page_id=155#breadcrumb\"},\"inLanguage\":\"hu\",\"potentialAction\":[{\"@type\":\"ReadAction\",\"target\":[\"https:\/\/kezilabdahajduszoboszlo.hu\/?page_id=155\"]}]},{\"@type\":\"BreadcrumbList\",\"@id\":\"https:\/\/kezilabdahajduszoboszlo.hu\/?page_id=155#breadcrumb\",\"itemListElement\":[{\"@type\":\"ListItem\",\"position\":1,\"name\":\"Home\",\"item\":\"https:\/\/kezilabdahajduszoboszlo.hu\/\"},{\"@type\":\"ListItem\",\"position\":2,\"name\":\"TAO\"}]},{\"@type\":\"WebSite\",\"@id\":\"https:\/\/kezilabdahajduszoboszlo.hu\/#website\",\"url\":\"https:\/\/kezilabdahajduszoboszlo.hu\/\",\"name\":\"K\u00e9zilabda Klub Hajd\u00faszoboszl\u00f3\",\"description\":\"\",\"potentialAction\":[{\"@type\":\"SearchAction\",\"target\":{\"@type\":\"EntryPoint\",\"urlTemplate\":\"https:\/\/kezilabdahajduszoboszlo.hu\/?s={search_term_string}\"},\"query-input\":\"required name=search_term_string\"}],\"inLanguage\":\"hu\"}]}<\/script>\n<!-- \/ Yoast SEO plugin. -->","yoast_head_json":{"title":"TAO - K\u00e9zilabda Klub Hajd\u00faszoboszl\u00f3","robots":{"index":"index","follow":"follow","max-snippet":"max-snippet:-1","max-image-preview":"max-image-preview:large","max-video-preview":"max-video-preview:-1"},"canonical":"https:\/\/kezilabdahajduszoboszlo.hu\/?page_id=155","og_locale":"hu_HU","og_type":"article","og_title":"TAO - K\u00e9zilabda Klub Hajd\u00faszoboszl\u00f3","og_description":"2019-2020. \u00e9vi SFP kerelem 07418 20190430 sfpjovahagyohatarozat_1565357482-1(1) 2020-2021. \u00e9vi SFP piszkozat-converted sfp_jh_000_08418_2020_mksz_2020-04-06_1586178408_1586255524 2021-2022. \u00e9vi sfp_jh_000_09418_2021_mksz_2021-04-15_1618484979_1618568348 sfp_kerelem_09418_20210306_1615029977- 2022-2023. \u00e9vi 2023-2024. \u00e9vi 2024-2025. \u00e9vi 2025-2026. \u00e9vi 2026-2027. \u00e9vi","og_url":"https:\/\/kezilabdahajduszoboszlo.hu\/?page_id=155","og_site_name":"K\u00e9zilabda Klub Hajd\u00faszoboszl\u00f3","article_modified_time":"2026-04-28T17:25:17+00:00","twitter_card":"summary_large_image","twitter_misc":{"Becs\u00fclt olvas\u00e1si id\u0151":"1 perc"},"schema":{"@context":"https:\/\/schema.org","@graph":[{"@type":"WebPage","@id":"https:\/\/kezilabdahajduszoboszlo.hu\/?page_id=155","url":"https:\/\/kezilabdahajduszoboszlo.hu\/?page_id=155","name":"TAO - K\u00e9zilabda Klub Hajd\u00faszoboszl\u00f3","isPartOf":{"@id":"https:\/\/kezilabdahajduszoboszlo.hu\/#website"},"datePublished":"2019-09-10T08:04:53+00:00","dateModified":"2026-04-28T17:25:17+00:00","breadcrumb":{"@id":"https:\/\/kezilabdahajduszoboszlo.hu\/?page_id=155#breadcrumb"},"inLanguage":"hu","potentialAction":[{"@type":"ReadAction","target":["https:\/\/kezilabdahajduszoboszlo.hu\/?page_id=155"]}]},{"@type":"BreadcrumbList","@id":"https:\/\/kezilabdahajduszoboszlo.hu\/?page_id=155#breadcrumb","itemListElement":[{"@type":"ListItem","position":1,"name":"Home","item":"https:\/\/kezilabdahajduszoboszlo.hu\/"},{"@type":"ListItem","position":2,"name":"TAO"}]},{"@type":"WebSite","@id":"https:\/\/kezilabdahajduszoboszlo.hu\/#website","url":"https:\/\/kezilabdahajduszoboszlo.hu\/","name":"K\u00e9zilabda Klub Hajd\u00faszoboszl\u00f3","description":"","potentialAction":[{"@type":"SearchAction","target":{"@type":"EntryPoint","urlTemplate":"https:\/\/kezilabdahajduszoboszlo.hu\/?s={search_term_string}"},"query-input":"required name=search_term_string"}],"inLanguage":"hu"}]}},"_links":{"self":[{"href":"https:\/\/kezilabdahajduszoboszlo.hu\/index.php?rest_route=\/wp\/v2\/pages\/155"}],"collection":[{"href":"https:\/\/kezilabdahajduszoboszlo.hu\/index.php?rest_route=\/wp\/v2\/pages"}],"about":[{"href":"https:\/\/kezilabdahajduszoboszlo.hu\/index.php?rest_route=\/wp\/v2\/types\/page"}],"author":[{"embeddable":true,"href":"https:\/\/kezilabdahajduszoboszlo.hu\/index.php?rest_route=\/wp\/v2\/users\/2"}],"replies":[{"embeddable":true,"href":"https:\/\/kezilabdahajduszoboszlo.hu\/index.php?rest_route=%2Fwp%2Fv2%2Fcomments&post=155"}],"version-history":[{"count":5,"href":"https:\/\/kezilabdahajduszoboszlo.hu\/index.php?rest_route=\/wp\/v2\/pages\/155\/revisions"}],"predecessor-version":[{"id":1127,"href":"https:\/\/kezilabdahajduszoboszlo.hu\/index.php?rest_route=\/wp\/v2\/pages\/155\/revisions\/1127"}],"wp:attachment":[{"href":"https:\/\/kezilabdahajduszoboszlo.hu\/index.php?rest_route=%2Fwp%2Fv2%2Fmedia&parent=155"}],"curies":[{"name":"wp","href":"https:\/\/api.w.org\/{rel}","templated":true}]}}