{"id":87,"date":"2018-06-10T20:30:37","date_gmt":"2018-06-10T20:30:37","guid":{"rendered":"http:\/\/kezilabdahajduszoboszlo.hu\/?page_id=87"},"modified":"2018-06-10T20:50:47","modified_gmt":"2018-06-10T20:50:47","slug":"gdpr","status":"publish","type":"page","link":"https:\/\/kezilabdahajduszoboszlo.hu\/?page_id=87","title":{"rendered":"GDPR"},"content":{"rendered":"<h3>Tisztelt Partner\u00fcnk!<\/p>\n<p>Az Eur\u00f3pai Uni\u00f3 2018. m\u00e1jus 25-ei hat\u00e1llyal \u00e9letbe l\u00e9pteti \u00c1ltal\u00e1nos Adatv\u00e9delmi Rendelet\u00e9t (General Data Protection Regulation \u2013 GDPR), amelynek kapcs\u00e1n szeretn\u00e9nk t\u00e1j\u00e9koztat\u00e1st adni a K\u00e9zilabda Klub Hajd\u00faszoboszl\u00f3 \u00e1ltal kezelt adatokr\u00f3l.<\/h3>\n<h3>A t\u00e1j\u00e9koztat\u00f3 elolvas\u00e1s\u00e1hoz kattintson az al\u00e1bbi linkre:<a href=\"http:\/\/kezilabdahajduszoboszlo.hu\/wp-content\/uploads\/2018\/06\/GDPR.docx\"><\/p>\n<p>GDPR<\/a><\/h3>\n<p>&nbsp;<\/p>\n","protected":false},"excerpt":{"rendered":"<p>Tisztelt Partner\u00fcnk! Az Eur\u00f3pai Uni\u00f3 2018. m\u00e1jus 25-ei hat\u00e1llyal \u00e9letbe l\u00e9pteti \u00c1ltal\u00e1nos Adatv\u00e9delmi Rendelet\u00e9t (General Data Protection Regulation \u2013 GDPR), amelynek kapcs\u00e1n szeretn\u00e9nk t\u00e1j\u00e9koztat\u00e1st adni a K\u00e9zilabda Klub Hajd\u00faszoboszl\u00f3 \u00e1ltal kezelt adatokr\u00f3l. A t\u00e1j\u00e9koztat\u00f3 elolvas\u00e1s\u00e1hoz kattintson az al\u00e1bbi linkre: GDPR &hellip; <a href=\"https:\/\/kezilabdahajduszoboszlo.hu\/?page_id=87\">Egy kattint\u00e1s ide a folytat\u00e1shoz&#8230;. <span class=\"meta-nav\">&rarr;<\/span><\/a><\/p>\n","protected":false},"author":1,"featured_media":0,"parent":0,"menu_order":0,"comment_status":"closed","ping_status":"closed","template":"","meta":{"_monsterinsights_skip_tracking":false,"_monsterinsights_sitenote_active":false,"_monsterinsights_sitenote_note":"","_monsterinsights_sitenote_category":0,"footnotes":""},"yoast_head":"<!-- This site is optimized with the Yoast SEO plugin v21.8.1 - https:\/\/yoast.com\/wordpress\/plugins\/seo\/ -->\n<title>GDPR - K\u00e9zilabda Klub Hajd\u00faszoboszl\u00f3<\/title>\n<meta name=\"robots\" content=\"index, follow, max-snippet:-1, max-image-preview:large, max-video-preview:-1\" \/>\n<link rel=\"canonical\" href=\"https:\/\/kezilabdahajduszoboszlo.hu\/?page_id=87\" \/>\n<meta property=\"og:locale\" content=\"hu_HU\" \/>\n<meta property=\"og:type\" content=\"article\" \/>\n<meta property=\"og:title\" content=\"GDPR - K\u00e9zilabda Klub Hajd\u00faszoboszl\u00f3\" \/>\n<meta property=\"og:description\" content=\"Tisztelt Partner\u00fcnk! Az Eur\u00f3pai Uni\u00f3 2018. m\u00e1jus 25-ei hat\u00e1llyal \u00e9letbe l\u00e9pteti \u00c1ltal\u00e1nos Adatv\u00e9delmi Rendelet\u00e9t (General Data Protection Regulation \u2013 GDPR), amelynek kapcs\u00e1n szeretn\u00e9nk t\u00e1j\u00e9koztat\u00e1st adni a K\u00e9zilabda Klub Hajd\u00faszoboszl\u00f3 \u00e1ltal kezelt adatokr\u00f3l. A t\u00e1j\u00e9koztat\u00f3 elolvas\u00e1s\u00e1hoz kattintson az al\u00e1bbi linkre: GDPR &hellip; Egy kattint\u00e1s ide a folytat\u00e1shoz.... &rarr;\" \/>\n<meta property=\"og:url\" content=\"https:\/\/kezilabdahajduszoboszlo.hu\/?page_id=87\" \/>\n<meta property=\"og:site_name\" content=\"K\u00e9zilabda Klub Hajd\u00faszoboszl\u00f3\" \/>\n<meta property=\"article:modified_time\" content=\"2018-06-10T20:50:47+00:00\" \/>\n<meta name=\"twitter:card\" content=\"summary_large_image\" \/>\n<script type=\"application\/ld+json\" class=\"yoast-schema-graph\">{\"@context\":\"https:\/\/schema.org\",\"@graph\":[{\"@type\":\"WebPage\",\"@id\":\"https:\/\/kezilabdahajduszoboszlo.hu\/?page_id=87\",\"url\":\"https:\/\/kezilabdahajduszoboszlo.hu\/?page_id=87\",\"name\":\"GDPR - K\u00e9zilabda Klub Hajd\u00faszoboszl\u00f3\",\"isPartOf\":{\"@id\":\"https:\/\/kezilabdahajduszoboszlo.hu\/#website\"},\"datePublished\":\"2018-06-10T20:30:37+00:00\",\"dateModified\":\"2018-06-10T20:50:47+00:00\",\"breadcrumb\":{\"@id\":\"https:\/\/kezilabdahajduszoboszlo.hu\/?page_id=87#breadcrumb\"},\"inLanguage\":\"hu\",\"potentialAction\":[{\"@type\":\"ReadAction\",\"target\":[\"https:\/\/kezilabdahajduszoboszlo.hu\/?page_id=87\"]}]},{\"@type\":\"BreadcrumbList\",\"@id\":\"https:\/\/kezilabdahajduszoboszlo.hu\/?page_id=87#breadcrumb\",\"itemListElement\":[{\"@type\":\"ListItem\",\"position\":1,\"name\":\"Home\",\"item\":\"https:\/\/kezilabdahajduszoboszlo.hu\/\"},{\"@type\":\"ListItem\",\"position\":2,\"name\":\"GDPR\"}]},{\"@type\":\"WebSite\",\"@id\":\"https:\/\/kezilabdahajduszoboszlo.hu\/#website\",\"url\":\"https:\/\/kezilabdahajduszoboszlo.hu\/\",\"name\":\"K\u00e9zilabda Klub Hajd\u00faszoboszl\u00f3\",\"description\":\"\",\"potentialAction\":[{\"@type\":\"SearchAction\",\"target\":{\"@type\":\"EntryPoint\",\"urlTemplate\":\"https:\/\/kezilabdahajduszoboszlo.hu\/?s={search_term_string}\"},\"query-input\":\"required name=search_term_string\"}],\"inLanguage\":\"hu\"}]}<\/script>\n<!-- \/ Yoast SEO plugin. -->","yoast_head_json":{"title":"GDPR - K\u00e9zilabda Klub Hajd\u00faszoboszl\u00f3","robots":{"index":"index","follow":"follow","max-snippet":"max-snippet:-1","max-image-preview":"max-image-preview:large","max-video-preview":"max-video-preview:-1"},"canonical":"https:\/\/kezilabdahajduszoboszlo.hu\/?page_id=87","og_locale":"hu_HU","og_type":"article","og_title":"GDPR - K\u00e9zilabda Klub Hajd\u00faszoboszl\u00f3","og_description":"Tisztelt Partner\u00fcnk! Az Eur\u00f3pai Uni\u00f3 2018. m\u00e1jus 25-ei hat\u00e1llyal \u00e9letbe l\u00e9pteti \u00c1ltal\u00e1nos Adatv\u00e9delmi Rendelet\u00e9t (General Data Protection Regulation \u2013 GDPR), amelynek kapcs\u00e1n szeretn\u00e9nk t\u00e1j\u00e9koztat\u00e1st adni a K\u00e9zilabda Klub Hajd\u00faszoboszl\u00f3 \u00e1ltal kezelt adatokr\u00f3l. A t\u00e1j\u00e9koztat\u00f3 elolvas\u00e1s\u00e1hoz kattintson az al\u00e1bbi linkre: GDPR &hellip; Egy kattint\u00e1s ide a folytat\u00e1shoz.... &rarr;","og_url":"https:\/\/kezilabdahajduszoboszlo.hu\/?page_id=87","og_site_name":"K\u00e9zilabda Klub Hajd\u00faszoboszl\u00f3","article_modified_time":"2018-06-10T20:50:47+00:00","twitter_card":"summary_large_image","schema":{"@context":"https:\/\/schema.org","@graph":[{"@type":"WebPage","@id":"https:\/\/kezilabdahajduszoboszlo.hu\/?page_id=87","url":"https:\/\/kezilabdahajduszoboszlo.hu\/?page_id=87","name":"GDPR - K\u00e9zilabda Klub Hajd\u00faszoboszl\u00f3","isPartOf":{"@id":"https:\/\/kezilabdahajduszoboszlo.hu\/#website"},"datePublished":"2018-06-10T20:30:37+00:00","dateModified":"2018-06-10T20:50:47+00:00","breadcrumb":{"@id":"https:\/\/kezilabdahajduszoboszlo.hu\/?page_id=87#breadcrumb"},"inLanguage":"hu","potentialAction":[{"@type":"ReadAction","target":["https:\/\/kezilabdahajduszoboszlo.hu\/?page_id=87"]}]},{"@type":"BreadcrumbList","@id":"https:\/\/kezilabdahajduszoboszlo.hu\/?page_id=87#breadcrumb","itemListElement":[{"@type":"ListItem","position":1,"name":"Home","item":"https:\/\/kezilabdahajduszoboszlo.hu\/"},{"@type":"ListItem","position":2,"name":"GDPR"}]},{"@type":"WebSite","@id":"https:\/\/kezilabdahajduszoboszlo.hu\/#website","url":"https:\/\/kezilabdahajduszoboszlo.hu\/","name":"K\u00e9zilabda Klub Hajd\u00faszoboszl\u00f3","description":"","potentialAction":[{"@type":"SearchAction","target":{"@type":"EntryPoint","urlTemplate":"https:\/\/kezilabdahajduszoboszlo.hu\/?s={search_term_string}"},"query-input":"required name=search_term_string"}],"inLanguage":"hu"}]}},"_links":{"self":[{"href":"https:\/\/kezilabdahajduszoboszlo.hu\/index.php?rest_route=\/wp\/v2\/pages\/87"}],"collection":[{"href":"https:\/\/kezilabdahajduszoboszlo.hu\/index.php?rest_route=\/wp\/v2\/pages"}],"about":[{"href":"https:\/\/kezilabdahajduszoboszlo.hu\/index.php?rest_route=\/wp\/v2\/types\/page"}],"author":[{"embeddable":true,"href":"https:\/\/kezilabdahajduszoboszlo.hu\/index.php?rest_route=\/wp\/v2\/users\/1"}],"replies":[{"embeddable":true,"href":"https:\/\/kezilabdahajduszoboszlo.hu\/index.php?rest_route=%2Fwp%2Fv2%2Fcomments&post=87"}],"version-history":[{"count":5,"href":"https:\/\/kezilabdahajduszoboszlo.hu\/index.php?rest_route=\/wp\/v2\/pages\/87\/revisions"}],"predecessor-version":[{"id":95,"href":"https:\/\/kezilabdahajduszoboszlo.hu\/index.php?rest_route=\/wp\/v2\/pages\/87\/revisions\/95"}],"wp:attachment":[{"href":"https:\/\/kezilabdahajduszoboszlo.hu\/index.php?rest_route=%2Fwp%2Fv2%2Fmedia&parent=87"}],"curies":[{"name":"wp","href":"https:\/\/api.w.org\/{rel}","templated":true}]}}